{"id":363,"date":"2025-01-15T23:54:38","date_gmt":"2025-01-16T04:54:38","guid":{"rendered":"https:\/\/colegiofaraday.edu.pe\/?page_id=363"},"modified":"2025-03-13T00:07:57","modified_gmt":"2025-03-13T05:07:57","slug":"listas-de-utiles","status":"publish","type":"page","link":"https:\/\/colegiofaraday.edu.pe\/index.php\/informacion\/listas-de-utiles\/","title":{"rendered":"Listas de Utiles"},"content":{"rendered":"\t\t<div data-elementor-type=\"wp-page\" data-elementor-id=\"363\" class=\"elementor elementor-363\">\n\t\t\t\t\t\t<section class=\"elementor-section elementor-top-section elementor-element elementor-element-459fd30 elementor-section-boxed elementor-section-height-default elementor-section-height-default\" data-id=\"459fd30\" data-element_type=\"section\" data-e-type=\"section\">\n\t\t\t\t\t\t<div class=\"elementor-container elementor-column-gap-default\">\n\t\t\t\t\t<div class=\"elementor-column elementor-col-100 elementor-top-column elementor-element elementor-element-8b82e69\" data-id=\"8b82e69\" data-element_type=\"column\" data-e-type=\"column\">\n\t\t\t<div class=\"elementor-widget-wrap elementor-element-populated\">\n\t\t\t\t\t\t<div class=\"elementor-element elementor-element-db7419f elementor-widget elementor-widget-text-editor\" data-id=\"db7419f\" data-element_type=\"widget\" data-e-type=\"widget\" data-widget_type=\"text-editor.default\">\n\t\t\t\t<div class=\"elementor-widget-container\">\n\t\t\t\t\t\t\t\t\t<p><em>Publicaci\u00f3n 15 de enero 2025<\/em><\/p>\t\t\t\t\t\t\t\t<\/div>\n\t\t\t\t<\/div>\n\t\t\t\t\t<\/div>\n\t\t<\/div>\n\t\t\t\t\t<\/div>\n\t\t<\/section>\n\t\t\t\t<section class=\"elementor-section elementor-top-section elementor-element elementor-element-86785c5 elementor-section-boxed elementor-section-height-default elementor-section-height-default\" data-id=\"86785c5\" data-element_type=\"section\" data-e-type=\"section\">\n\t\t\t\t\t\t<div class=\"elementor-container elementor-column-gap-default\">\n\t\t\t\t\t<div class=\"elementor-column elementor-col-100 elementor-top-column elementor-element elementor-element-688f374\" data-id=\"688f374\" data-element_type=\"column\" data-e-type=\"column\">\n\t\t\t<div class=\"elementor-widget-wrap elementor-element-populated\">\n\t\t\t\t\t\t<div class=\"elementor-element elementor-element-5ececa4 elementor-widget elementor-widget-html\" data-id=\"5ececa4\" data-element_type=\"widget\" data-e-type=\"widget\" data-widget_type=\"html.default\">\n\t\t\t\t<div class=\"elementor-widget-container\">\n\t\t\t\t\t<!DOCTYPE html>\n<html lang=\"es\">\n<head>\n    <meta charset=\"UTF-8\">\n    <meta name=\"viewport\" content=\"width=device-width, initial-scale=1.0\">\n    <title>Listas de \u00datiles Escolares<\/title>\n    <style>\n        body {\n            font-family: Arial, sans-serif;\n            margin: 20px;\n            padding: 20px;\n            background-color: #f4f4f4;\n        }\n        .container {\n            max-width: 600px;\n            margin: auto;\n            background: white;\n            padding: 20px;\n            border-radius: 10px;\n            box-shadow: 0 0 10px rgba(0, 0, 0, 0.1);\n        }\n        h2 {\n            color: #333;\n        }\n        ul {\n            list-style-type: none;\n            padding: 0;\n        }\n        li {\n            margin: 10px 0;\n        }\n        a {\n            text-decoration: none;\n            color: #007bff;\n        }\n        a:hover {\n            text-decoration: underline;\n        }\n    <\/style>\n<\/head>\n<body>\n    <div class=\"container\">\n        <h1>Listas de \u00datiles Escolares<\/h1>\n        \n        <h2>Inicial<\/h2>\n        <ul>\n            <li><a href=\"https:\/\/colegiofaraday.edu.pe\/wp-content\/uploads\/2025\/03\/inicial3.pdf\" target=\"_blank\">Lista de \u00fatiles - Inicial 3 a\u00f1os<\/a><\/li>\n            <li><a href=\"https:\/\/colegiofaraday.edu.pe\/wp-content\/uploads\/2025\/03\/inicial4.pdf\" target=\"_blank\">Lista de \u00fatiles - Inicial 4 a\u00f1os<\/a><\/li>\n            <li><a href=\"https:\/\/colegiofaraday.edu.pe\/wp-content\/uploads\/2025\/03\/inicial5.pdf\" target=\"_blank\">Lista de \u00fatiles - Inicial 5 a\u00f1os<\/a><\/li>\n        <\/ul>\n\n        <h2>Primaria<\/h2>\n        <ul>\n            <li><a href=\"https:\/\/colegiofaraday.edu.pe\/wp-content\/uploads\/2025\/03\/primaria1.pdf\" target=\"_blank\">Lista de \u00fatiles - 1ro de Primaria<\/a><\/li>\n            <li><a href=\"https:\/\/colegiofaraday.edu.pe\/wp-content\/uploads\/2025\/03\/primaria2.pdf\" target=\"_blank\">Lista de \u00fatiles - 2do de Primaria<\/a><\/li>\n            <li><a href=\"https:\/\/colegiofaraday.edu.pe\/wp-content\/uploads\/2025\/03\/primaria3.pdf\" target=\"_blank\">Lista de \u00fatiles - 3ro de Primaria<\/a><\/li>\n            <li><a href=\"https:\/\/colegiofaraday.edu.pe\/wp-content\/uploads\/2025\/03\/primaria4.pdf\" target=\"_blank\">Lista de \u00fatiles - 4to de Primaria<\/a><\/li>\n            <li><a href=\"https:\/\/colegiofaraday.edu.pe\/wp-content\/uploads\/2025\/03\/primaria5.pdf\" target=\"_blank\">Lista de \u00fatiles - 5to de Primaria<\/a><\/li>\n            <li><a href=\"https:\/\/colegiofaraday.edu.pe\/wp-content\/uploads\/2025\/03\/primaria6.pdf\" target=\"_blank\">Lista de \u00fatiles - 6to de Primaria<\/a><\/li>\n        <\/ul>\n\n        <h2>Secundaria<\/h2>\n        <ul>\n            <li><a href=\"https:\/\/colegiofaraday.edu.pe\/wp-content\/uploads\/2025\/03\/secundaria1.pdf\" target=\"_blank\">Lista de \u00fatiles - Secundaria 1ro<\/a><\/li>\n            <li><a href=\"https:\/\/colegiofaraday.edu.pe\/wp-content\/uploads\/2025\/03\/secundaria2.pdf\" target=\"_blank\">Lista de \u00fatiles - Secundaria 2do<\/a><\/li>\n            <li><a href=\"https:\/\/colegiofaraday.edu.pe\/wp-content\/uploads\/2025\/03\/secundaria3.pdf\" target=\"_blank\">Lista de \u00fatiles - Secundaria 3ro<\/a><\/li>\n            <li><a href=\"https:\/\/colegiofaraday.edu.pe\/wp-content\/uploads\/2025\/03\/secundaria4.pdf\" target=\"_blank\">Lista de \u00fatiles - Secundaria 4to<\/a><\/li>\n            <li><a href=\"https:\/\/colegiofaraday.edu.pe\/wp-content\/uploads\/2025\/03\/secundaria5.pdf\" target=\"_blank\">Lista de \u00fatiles - Secundaria 5to<\/a><\/li>\n        <\/ul>\n    <\/div>\n<\/body>\n<\/html>\n\t\t\t\t<\/div>\n\t\t\t\t<\/div>\n\t\t\t\t\t<\/div>\n\t\t<\/div>\n\t\t\t\t\t<\/div>\n\t\t<\/section>\n\t\t\t\t<\/div>\n\t\t","protected":false},"excerpt":{"rendered":"<p>Publicaci\u00f3n 15 de enero 2025 Listas de \u00datiles Escolares Listas de \u00datiles Escolares Inicial Lista de \u00fatiles &#8211; Inicial 3 a\u00f1os Lista de \u00fatiles &#8211; Inicial 4 a\u00f1os Lista de \u00fatiles &#8211; Inicial 5 a\u00f1os Primaria Lista de \u00fatiles &#8211; 1ro de Primaria Lista de \u00fatiles &#8211; 2do de Primaria Lista de \u00fatiles &#8211; 3ro <a class=\"read-more\" href=\"https:\/\/colegiofaraday.edu.pe\/index.php\/informacion\/listas-de-utiles\/\">Read More<\/a><\/p>\n","protected":false},"author":1,"featured_media":0,"parent":297,"menu_order":0,"comment_status":"closed","ping_status":"closed","template":"elementor_header_footer","meta":{"footnotes":""},"class_list":["post-363","page","type-page","status-publish","hentry"],"_links":{"self":[{"href":"https:\/\/colegiofaraday.edu.pe\/index.php\/wp-json\/wp\/v2\/pages\/363","targetHints":{"allow":["GET"]}}],"collection":[{"href":"https:\/\/colegiofaraday.edu.pe\/index.php\/wp-json\/wp\/v2\/pages"}],"about":[{"href":"https:\/\/colegiofaraday.edu.pe\/index.php\/wp-json\/wp\/v2\/types\/page"}],"author":[{"embeddable":true,"href":"https:\/\/colegiofaraday.edu.pe\/index.php\/wp-json\/wp\/v2\/users\/1"}],"replies":[{"embeddable":true,"href":"https:\/\/colegiofaraday.edu.pe\/index.php\/wp-json\/wp\/v2\/comments?post=363"}],"version-history":[{"count":6,"href":"https:\/\/colegiofaraday.edu.pe\/index.php\/wp-json\/wp\/v2\/pages\/363\/revisions"}],"predecessor-version":[{"id":384,"href":"https:\/\/colegiofaraday.edu.pe\/index.php\/wp-json\/wp\/v2\/pages\/363\/revisions\/384"}],"up":[{"embeddable":true,"href":"https:\/\/colegiofaraday.edu.pe\/index.php\/wp-json\/wp\/v2\/pages\/297"}],"wp:attachment":[{"href":"https:\/\/colegiofaraday.edu.pe\/index.php\/wp-json\/wp\/v2\/media?parent=363"}],"curies":[{"name":"wp","href":"https:\/\/api.w.org\/{rel}","templated":true}]}}